15*v. List the prime factors of v.
3, 31
Let j(v) = -91*v + 3. Let m be j(-2). Let r be 108 - 15/(-5)*(-1)/(-3). Let l = m - r. What are the prime factors of l?
2, 19
Suppose 5*z - 16878 = 2*u - 1144, -3142 = -z - 2*u. What are the prime factors of z?
2, 11, 13
Let p(c) = 61*c**2 - 165*c - 1086. What are the prime factors of p(34)?
2, 5, 3191
Let n(u) = -101*u**3 + 20*u**2 + 11*u + 27. What are the prime factors of n(-6)?
3, 7499
Let b be ((-34320)/(-825))/((-4)/10). Let l = 26 - 54. Let z = l - b. What are the prime factors of z?
2, 19
Let h = 62494 - -9281. List the prime factors of h.
3, 5, 11, 29
Let g = 936 + -1462. Let s = 888 + g. What are the prime factors of s?
2, 181
Let x(c) = 8*c**3 - 2*c**2 - 5*c - 4. Let r = -158 + 162. List the prime factors of x(r).
2, 3, 19
Let w(m) = 29*m**2 - 189*m - 3608. What are the prime factors of w(-22)?
2, 3, 11, 13, 17
Let b(p) = 58 + 6*p + 2*p**2 + 3*p + 12*p. What are the prime factors of b(-11)?
3, 23
Suppose 10*n - 361 - 359 = 0. Suppose -n*i = -75*i + 1788. List the prime factors of i.
2, 149
Let m be (2 - 5)*4/(-6). Suppose -m*k + 0*k = -228. Let z = -52 + k. List the prime factors of z.
2, 31
Suppose 0 = -4*d + 5*o + 1158, -4*o = -3*d - 2*o + 865. Let l = d + -154. What are the prime factors of l?
7, 19
Let i be (-2 - (-9)/6)/(7/14). Let v be i/(-1) + -4 + 201/(-3). Let p = 158 + v. What are the prime factors of p?
2, 11
Let v(d) = 2*d**2 + 43*d - 20. Let n be v(-22). Suppose 2*a + p - 5*p = -140, 145 = -n*a + 5*p. Let s = 82 + a. List the prime factors of s.
2, 11
Let w(x) = -179*x**3 + 5*x**2 - 5*x - 90. What are the prime factors of w(-6)?
2, 3, 101
Suppose 4*d + 2*s - 66 = 0, -3 = -d + 3*s + 3. Suppose -21 + d = t. What are the prime factors of -96*-1*(-4 + (-1 - t))?
2, 3
Suppose 0 = -4*p + 2*l + 103756, 11 = 2*l + 23. What are the prime factors of p?
2, 1621
Suppose 0 = -9*b + 6*b + 159. Suppose 5*i - i + 452 = 0. Let f = b - i. What are the prime factors of f?
2, 83
Let i = 713 + -58. Suppose -i = 25*g - 12655. What are the prime factors of g?
2, 3, 5
Let i(t) be the first derivative of -5*t**4/4 + t**3/3 + 13*t**2/2 + 20*t - 57. List the prime factors of i(-5).
5, 11
Let r(b) = 5*b + 55. Let w be r(-9). Suppose 5*t = 3*v + 10, -t + 6*t - 4*v = w. List the prime factors of ((-2)/(-3) - 0)*18/t.
2, 3
Suppose 5*x = -2*q + 11, 37 = 7*q - 3*q - 5*x. Let f(n) = 21*n - 9. What are the prime factors of f(q)?
3, 53
Let s be (-1)/(-3) - 70/30. Let y be (2 - s)*(-7)/(-14). Suppose 4*p + 2*t = -y*t + 32, 0 = -p + 4*t + 23. List the prime factors of p.
11
Let q(t) = -4*t**3 - t**2 + 3*t - 31. Let h be q(-6). Let z = h + -512. List the prime factors of z.
3, 89
Let r be (-2 - -1)/((-4)/(-4)). Let j be (91/52)/(r/140). Let h = -86 - j. What are the prime factors of h?
3, 53
Let v = -16 - -15. Let m be -9 + 10 - (-116 - v). Suppose 73 = 3*l - m. List the prime factors of l.
3, 7
Let k(c) = 10 + 0*c**2 - 1551*c**3 + 1549*c**3 - c**2 - 5*c. What are the prime factors of k(-5)?
2, 5, 13
Let j(i) = 190*i**3 + 5*i**2 - 6*i + 2. Let p be j(1). Let d = p - 26. List the prime factors of d.
3, 5, 11
Let v = -44 - -44. Suppose 6*c - 621 - 5967 = v. What are the prime factors of c?
2, 3, 61
Let v(p) = -170*p - 80. What are the prime factors of v(-43)?
2, 3, 5, 241
Let k(u) = 17*u - 3. Suppose 5*c = -c + 450. Let n = c - 67. List the prime factors of k(n).
7, 19
Let o be (6/(-4))/((-3)/14). Suppose -9 = o*r + 5. What are the prime factors of (-2)/((r/156)/((-9)/(-12)))?
3, 13
Let r be (4/(-20))/((-10)/4150). Let u = r + 30. List the prime factors of u.
113
Let x be (-2 + (-15)/(-2))*2. Suppose 0 = -5*i - 10, -51*i - 139 = -5*k - 54*i. Let j = x + k. What are the prime factors of j?
2, 5
Suppose -3*j + 30 = 3*a, -3*j + 1 - 11 = -5*a. Let y be ((-8)/16)/((-6)/60). Suppose 4*k = -y*x + 152, a*x + 112 = 4*k - 0*k. What are the prime factors of k?
3, 11
Suppose -6*u = -21*u + 390. Suppose u = 2*s + 5*y, 7 = -3*s + 8*y - 4*y. Suppose 4*t = -s*t + 1694. What are the prime factors of t?
2, 11
Let b = 32 + -31. Let s be b - (-1)/(2*(-2)/28). Let w = 61 - s. List the prime factors of w.
67
Suppose -3*l + 5 = -5*y - 14, -3*y = 6. Let b be l - 9/(-6 + 3). Suppose 168 = 8*z + b*z. List the prime factors of z.
2, 3
Suppose 4*q = -3*d + 84620, 2*q - 141022 = -5*d + q. Suppose 10872 = -14*s + d. What are the prime factors of s?
2, 619
Let k = -7053 + 13939. What are the prime factors of k?
2, 11, 313
Let h(f) = 95*f**2 - 5*f + 7. Let g(w) = -w**2 + w - 1. Let i(n) = 3*g(n) + h(n). What are the prime factors of i(2)?
2, 23
Let g(u) = 30*u**2 - 11*u**2 - 329*u - 338*u + 656*u + 17. Suppose y + 2*k - k - 3 = 0, k = -3*y + 7. List the prime factors of g(y).
71
Let o(w) be the first derivative of w**4/4 + w**3 + 17*w**2/2 + 53. Let r be o(-4). Let l = 33 - r. List the prime factors of l.
3, 13
Let c be 65 - 0 - 5*(-1)/5. Suppose c*t - 76*t = -14600. What are the prime factors of t?
2, 5, 73
Let d = 29338 - 2608. What are the prime factors of d?
2, 3, 5, 11
Suppose 0 = -2*f - 2*f + 24. Let j(w) be the first derivative of 11*w**2/2 - 10*w - 2. What are the prime factors of j(f)?
2, 7
Let q(r) = 3*r**3 + 17*r**2 - 5*r - 470. List the prime factors of q(15).
5, 7, 383
Let f(b) = 31*b + 30. Let h be 5 - (2 - ((-7 - -4) + 5)). List the prime factors of f(h).
5, 37
Let g be 544/(-128) + (-1)/(-4). Let h(s) = -s**2 + s + 5. Let n be h(5). List the prime factors of (-48)/(n/(-6) + g).
2
Suppose -4*s + 147 = -0*a - 3*a, -s - 56 = a. Let c = a + 55. List the prime factors of (3 - c)*(0 + 226)/2.
113
Let j(h) = -h**2 + 10*h + 19. Let p be j(11). Suppose -5*t - 25 = 0, p*m - 3*m - 1465 = t. List the prime factors of m.
2, 73
Let l = 26368 - 5426. List the prime factors of l.
2, 37, 283
Let f(n) = n**3 + 4*n**2 - n - 1. Let p be f(-4). Let m be (44 - p)/(2 - 1). Suppose 4*v - 5*v = -2*u - m, 5*v + 3*u = 244. List the prime factors of v.
47
What are the prime factors of (-2817 + -21)*(-11)/2?
3, 11, 43
Suppose -5*y = -2*r - 4933 + 27512, -r + 4*y + 11294 = 0. List the prime factors of r.
2, 5641
Let r be (-334)/((-5)/((-240)/(-4))). Suppose 7*h - r = 3*h. List the prime factors of h.
2, 3, 167
Suppose -18121 - 24869 = -2*o - 2*v, 2*o = 3*v + 42960. What are the prime factors of o?
3, 13, 19, 29
Let v(d) = 2*d**2 + 34*d - 169. List the prime factors of v(-52).
3, 13, 89
Suppose 7*k - 4*k = -12*k + 240015. What are the prime factors of k?
16001
Suppose -23*b - 4*a - 3339 = -18*b, 3*b + 1997 = 4*a. Let j = 2480 + b. What are the prime factors of j?
7, 37
Suppose -26*m - 90 = -17*m. List the prime factors of (-6066)/27*5/m*6.
2, 337
Suppose -4*k + 4 = -4*f, 5*f = 3*k + 9 - 4. List the prime factors of k/(-35)*-7*175.
5, 7
What are the prime factors of (-4)/(-6)*(4 + (-10297)/(-14))?
17, 29
Suppose -4*q + 17765 - 61629 = -r, -2*r - 2*q + 87708 = 0. List the prime factors of r.
2, 2741
Let v(d) = 6*d - 253. Let w be v(43). Suppose -12*h = -w*h - 6118. List the prime factors of h.
2, 19, 23
Let q(p) = 6*p**2 - 2*p + 2. Let l(u) = -10*u + 21. Let s(n) = -9*n + 21. Let j(d) = -6*l(d) + 7*s(d). Let k be j(8). List the prime factors of q(k).
2, 31
Let x = -3625 - -8309. What are the prime factors of x?
2, 1171
Let h(b) = -b**3 - 19*b**2 - 26*b - 15. Let g be h(-19). Suppose -2*m + 499 = -g. What are the prime factors of m?
3, 163
List the prime factors of 3 + -8 + (-15 - (-7634 + 0)).
2, 3, 47
Let y(i) be the first derivative of -8*i**2 + 1164*i - 172. List the prime factors of y(0).
2, 3, 97
Let a be ((-514)/8)/(4/(-64)). Let n = a + -716. List the prime factors of n.
2, 3, 13
Let k be (3 - (-309)/2)*(-24)/(-14). Suppose 2*q - l + 1 = -6, 2*l - 17 = 5*q. List the prime factors of (2/q)/((-2)/k).
2, 3, 5
Let m = -38 + -67. Let w = m - -285. Let t = w + -110. What are the prime factors of t?
2, 5, 7
Suppose 8268 + 40332 = 25*j. What are the prime factors of (2 - j/(-3))/(-6 + 7)?
2, 5, 13
Let p(x) = x**3 + x - 140. Let h be p(0). Let o = 172 + h. What are the prime factors of o?
2
Suppose -3*k = 4*m - 10, 2 = 5*m - 3. List the prime factors of (9 - k - 5) + 239 + 0.
241
Suppose 3*r - 5*o + 13 = 0, 0 = -5*r + 5*o + 5 - 10. Suppose -4*a + r*s - 16 = 0, 0*a = -a - 3*s. List the prime factors of (12 - -1 - 3) + a.
7
Let x = 20334 + -13974. What are the prime 